j). What are the prime factors of c(n)?
79
Suppose 136*p - 1458 = 134*p - 4*t, t + 729 = p. List the prime factors of p.
3
What are the prime factors of (0 + -1)/((-1248)/(-78) + (-944849)/59053)?
59053
Let x = -21616 + 39640. What are the prime factors of x?
2, 3, 751
Suppose -4*f + 52187 = -3*d, 648*f - 3*d = 653*f - 65200. List the prime factors of f.
13043
Let h = -22197 - -34145. What are the prime factors of h?
2, 29, 103
Let y(r) = 1020*r + r**3 + 60 - 1029*r + 46*r**2 - 11*r**2. What are the prime factors of y(-35)?
3, 5
Suppose 5*v = 5*w + 15930, 5*w = v + 9*w - 3211. List the prime factors of v.
3191
Let m = 21 - 256. Let r = m + 378. List the prime factors of r.
11, 13
Let g(z) = 3*z**2 + 7*z - 3. Let o be -8 + -56 - (3 + 1). Let n = o + 60. What are the prime factors of g(n)?
7, 19
Let l be (6 - (-153)/(-6)) + 2/(-4). Let i be (-5)/15 - l/6. Suppose -4*k = -i*t + 416, -5*k - 3 = 22. List the prime factors of t.
2, 3, 11
Let b = -16387 + 24867. List the prime factors of b.
2, 5, 53
Suppose 4*l - 4*s - 56 = 0, 2*l - 3*s = 2*s + 43. Suppose 5*j = -l - 36. What are the prime factors of (-60)/j - ((-1)/3 + 1)?
2, 3
Let t = -61 - -2323. Suppose 0 = -4*j + 10*j - t. List the prime factors of j/(-13)*(2 + (1 - 4)).
29
Suppose 0 = -4*o + 4, 3*s - o + 8140 = 4*s. What are the prime factors of s?
3, 2713
Suppose 3*m = -5*m + 312. What are the prime factors of (-2)/(-4)*(m - -369)?
2, 3, 17
Suppose g - 74 = -3*x, 5*g = g - 4*x + 272. Let b = g - 16. Suppose -b = -5*r + 326. What are the prime factors of r?
3, 5
List the prime factors of 11 - 10/((-170)/49249).
2, 727
Suppose 3*n + 2*y - 14 = 1, 2*y - 1 = -n. Suppose 5*b + 1958 = n*b. List the prime factors of b.
11, 89
Let u be ((-2)/5)/(12/(-60)). What are the prime factors of 0 - u/(12/(-1194))?
199
Let o = -1 + 3. Suppose -2*u - z = -27, -63*u + 58*u + 72 = z. Suppose -1167 = -5*r + 17*w - u*w, 5*w - 461 = -o*r. What are the prime factors of r?
233
Let k = -8243 - -13415. List the prime factors of k.
2, 3, 431
Suppose -3*p = 5 - 2. Let d be (-15 + 17)*1*p. List the prime factors of 2688/54 - d/9.
2, 5
Suppose -3*i - 198 = -0*i - 3*y, -4*i + 5*y - 263 = 0. List the prime factors of (15/(-195)*-13)/((-1)/i).
67
Suppose 0 = -1424*o + 1510*o - 58738. What are the prime factors of o?
683
Let u = -20005 + 23195. What are the prime factors of u?
2, 5, 11, 29
Suppose 4*s + 6*h + 8 = 2*h, 0 = s - 2*h + 14. Let w be (-9)/2*s/9. Suppose -3*r + 9 = w. What are the prime factors of r?
2
Let c(l) = 2*l**2 + 47*l - 469. What are the prime factors of c(34)?
3, 31, 37
Let b be 0 + -7 - (-63)/(-1). List the prime factors of (b/(-63)*579)/((-4)/(-6)).
5, 193
Let d = 63 - -126. Let g = 132 + d. What are the prime factors of g?
3, 107
Let u = -8201 - -14814. What are the prime factors of u?
17, 389
Let o = 157433 + -91626. List the prime factors of o.
7, 17, 79
Suppose -r = l - 46344, 1099*l = 1101*l + 3*r - 92691. What are the prime factors of l?
3, 19, 271
Let b = 11422 - 4405. What are the prime factors of b?
3, 2339
Let g = 55 + -28. Suppose 2*f + g = z, 3 + 1 = f - 4*z. What are the prime factors of f/12 - (-376)/3?
2, 31
Suppose 23101 = u + 117*a - 120*a, 5*a = 5*u - 115445. What are the prime factors of u?
41, 563
Suppose 4*y = -5*w + 20, 1 - 13 = -3*w + 4*y. Suppose -3*l - l - 1176 = 4*v, -w*l - 2*v - 1172 = 0. List the prime factors of l/2*(5 + -5 + -1).
2, 73
List the prime factors of 3 - (182/(-7) - -8)*17.
3, 103
Let o be ((-32)/(-6))/(6 - 8)*3. List the prime factors of 2/o - (8743/(-28) - 9).
3, 107
Suppose 34*f - 64057 = -11765. What are the prime factors of f?
2, 769
Let q(k) = -34*k + 29. Let p(h) = -103*h + 88. Let i(x) = -3*p(x) + 8*q(x). Suppose s - 3*s + 4*n = 10, 10 = 2*n. List the prime factors of i(s).
3, 17
Suppose -81*r - 94698 + 332817 = -58*r. What are the prime factors of r?
3, 7, 17, 29
Let c(v) = 2054*v**2 + 356*v + 1746. What are the prime factors of c(-5)?
2, 12829
Suppose -7*z - 15675 = -146323. List the prime factors of z/32 - ((-3)/12)/(-1).
11, 53
Suppose 6740*r - 6739*r - 31498 = 0. List the prime factors of r.
2, 15749
Suppose -4*i + 20805 = -21679. What are the prime factors of i?
13, 19, 43
Suppose 5*y - 4*f = -5*f + 429, 3*y - 3*f = 261. Suppose -9*x + 13 + y = 0. Suppose 255 = -x*o + 14*o. What are the prime factors of o?
5, 17
What are the prime factors of (-7)/(-8)*(-66)/231 - (-688392)/32?
2, 2689
What are the prime factors of 7 - 12/(72/(-33666))?
2, 53
Let d = -71 + 65. List the prime factors of 0*(-2)/d + (-1596)/(-6).
2, 7, 19
Suppose 5867 = 3*h + 1211. What are the prime factors of h?
2, 97
Suppose 24 = -6*b + 600. Suppose -3*q = -165 - b. Let p = q - 22. What are the prime factors of p?
5, 13
Suppose -3*g = -5*g + 30. Suppose -12*h = 21 + g. Let x(j) = -65*j. What are the prime factors of x(h)?
3, 5, 13
Let d be (-4)/(1/6 + 4732/(-30408)). Let v = d + 1099. What are the prime factors of v?
11, 67
Suppose -4*s - s - j = -183812, -s + 36740 = -3*j. What are the prime factors of s?
36761
Let m be (0 + 1)/(1/24*4). Let j = 1107 - 744. Suppose -m*r - 87 = -j. What are the prime factors of r?
2, 23
Suppose 5*c = -4*q + 1951, 0 = -3*c - 4*q + 1405 - 236. Suppose -4*u - 2*f = -1550, -2*u - 3*f - c = -3*u. List the prime factors of u.
2, 97
Let n be (-1 - -184)*(-4 - -3). Let b = 78 + n. What are the prime factors of -18*620/b - 4/14?
2, 53
Let d(p) = 4*p**2 - 9*p + 18. Let s = 47 + -55. What are the prime factors of d(s)?
2, 173
Let o(p) = -4*p + 73. Let v be o(19). Let x be ((-8)/(-2) + v)*375. Let c = -179 + x. What are the prime factors of c?
2, 7
Let g(k) = k + 156. Let q be g(-30). Suppose q = 5*c - 919. What are the prime factors of c?
11, 19
Let x be (-7 + -5)*78/8. Let s = -29 - x. What are the prime factors of s?
2, 11
Let z = 22870 + -12386. What are the prime factors of z?
2, 2621
Suppose -11 = 3*l - 0*m - 4*m, 4*m - 17 = l. Suppose 17 = l*j + 8. Suppose 0 = -j*p + 16*p - 1612. What are the prime factors of p?
2, 31
List the prime factors of (-14)/(-84)*21*7/((-7)/(-20106)).
3, 7, 1117
Let u be -1 + 0 + -1 + 10. Let y(w) = -7*w**3 - 13*w**2 - 5*w - 2. Let d be y(-2). Suppose d*h - u*h - 44 = 0. List the prime factors of h.
11
Suppose 41592 = 5*s - 446*k + 442*k, 0 = -2*s - 4*k + 16620. What are the prime factors of s?
2, 3, 7, 11
Suppose 2*d = -2*d - k - 1728, d + 432 = -2*k. Let j = d + 303. Let h = -52 - j. What are the prime factors of h?
7, 11
Let o = -15244 - -16418. List the prime factors of o.
2, 587
Let y(s) = 3*s + 4. Let a be y(7). Let g = a + -20. Suppose -g*t = -79 - 291. What are the prime factors of t?
2, 37
List the prime factors of (-24*1605/(-270))/((-2)/(-591)).
2, 107, 197
Let l(w) be the third derivative of -w**5/60 - w**4/24 + 5*w**3/6 - 5*w**2. Let s be l(3). List the prime factors of (-2 - (-12)/5)*(-420)/s.
2, 3
Let h(r) = 6324*r**2 + 31*r - 103. What are the prime factors of h(3)?
2, 37, 769
Let f = 11215 + -6569. List the prime factors of f.
2, 23, 101
Suppose -56 = -5*g + 14. Let l(w) = 2*w**2 - 30*w + 31. Let a be l(g). Let o(v) = 6*v**3 + 2*v**2 + 9. What are the prime factors of o(a)?
3, 7
Suppose 5*z + 15 = 2*a - 4228, 5*a + 4*z = 10558. Suppose 4*r + 4*y = -0*y + 2084, 0 = -4*r + 2*y + a. List the prime factors of r.
2, 263
Let v(a) = -a**3 - 2*a**2 - 46*a - 129. List the prime factors of v(-6).
3, 97
Suppose s + s = 1940. Suppose y = 2*i - s, 0 = -i - 5*y - 80 + 565. What are the prime factors of i?
5, 97
Let b be ((-6)/18)/(1/(-9)). Suppose 4*s = -2*i + 6, -s + 2*i + 4 = b*i. What are the prime factors of s/6 + (-2321)/(-66)?
5, 7
Let h = 167 - 761. Let j = h - -721. List the prime factors of j.
127
List the prime factors of 15/(-6) + (-363897)/(-6).
60647
Suppose 0*l - 4*l - 160 = 0. Let k be (-5320)/(-42)*12/10. Let b = k + l. List the prime factors of b.
2, 7
Let o(b) = 2*b**2 + 27*b - 14. Let z be o(-14). Suppose z = -3*v - 825 + 2343. Suppose -4*w + 2*g + v = -w, 2*g - 166 = -w. List the prime factors of w.
2, 3, 7
Let h be (-56)/(-6)*1*(-12)/(-8). Let a be 6*7/(-63)*-3*h. What are the prime factors of 61/(a/8 + -3)?
2, 61
Suppose -x + 6*x = 135. Suppose p = -3*c + 20, 3*p - 13 = -5*c + x. What are the prime factors of 180/((-6)/(-20)*c)?
2, 3, 5
What are the prime factors of 6 - (1 - 0)/(9/(-18 + -304956))?
2, 37